{"id":12158,"date":"2025-07-13T11:16:30","date_gmt":"2025-07-13T11:16:30","guid":{"rendered":"https:\/\/catamaranbahiacadiz.com\/?page_id=12158"},"modified":"2026-04-13T17:03:34","modified_gmt":"2026-04-13T17:03:34","slug":"horarios","status":"publish","type":"page","link":"https:\/\/catamaranbahiacadiz.com\/index.php\/horarios\/","title":{"rendered":"Horarios"},"content":{"rendered":"\t\t<div data-elementor-type=\"wp-page\" data-elementor-id=\"12158\" class=\"elementor elementor-12158\" data-elementor-post-type=\"page\">\n\t\t\t\t<div class=\"elementor-element elementor-element-0969357 e-flex e-con-boxed e-con e-parent\" data-id=\"0969357\" data-element_type=\"container\">\n\t\t\t\t\t<div class=\"e-con-inner\">\n\t\t\t\t<div class=\"elementor-element elementor-element-f62a6ec elementor--h-position-center elementor--v-position-middle elementor-arrows-position-inside elementor-pagination-position-inside elementor-widget elementor-widget-slides\" data-id=\"f62a6ec\" data-element_type=\"widget\" data-settings=\"{&quot;navigation&quot;:&quot;both&quot;,&quot;autoplay&quot;:&quot;yes&quot;,&quot;pause_on_hover&quot;:&quot;yes&quot;,&quot;pause_on_interaction&quot;:&quot;yes&quot;,&quot;autoplay_speed&quot;:5000,&quot;infinite&quot;:&quot;yes&quot;,&quot;transition&quot;:&quot;slide&quot;,&quot;transition_speed&quot;:500}\" data-widget_type=\"slides.default\">\n\t\t\t\t\t\t\t\t\t\t<div class=\"elementor-slides-wrapper elementor-main-swiper swiper\" role=\"region\" aria-roledescription=\"carousel\" aria-label=\"Slides\" dir=\"ltr\" data-animation=\"fadeInUp\">\n\t\t\t\t<div class=\"swiper-wrapper elementor-slides\">\n\t\t\t\t\t\t\t\t\t\t<div class=\"elementor-repeater-item-6d0cdb0 swiper-slide\" role=\"group\" aria-roledescription=\"slide\"><div class=\"swiper-slide-bg\" role=\"img\"><\/div><div class=\"swiper-slide-inner\" ><div class=\"swiper-slide-contents\"><\/div><\/div><\/div>\t\t\t\t<\/div>\n\t\t\t\t\t\t\t<\/div>\n\t\t\t\t\t\t\t\t<\/div>\n\t\t\t\t\t<\/div>\n\t\t\t\t<\/div>\n\t\t<div class=\"elementor-element elementor-element-cb5a47c e-flex e-con-boxed e-con e-parent\" data-id=\"cb5a47c\" data-element_type=\"container\">\n\t\t\t\t\t<div class=\"e-con-inner\">\n\t\t\t\t<div class=\"elementor-element elementor-element-0d338e4 elementor-widget elementor-widget-heading\" data-id=\"0d338e4\" data-element_type=\"widget\" data-widget_type=\"heading.default\">\n\t\t\t\t\t<h2 class=\"elementor-heading-title elementor-size-default\">HORARIO SALIDA EMBARCACIONES L\u00cdNEA B-042\nC\u00c1DIZ \u2013 EL PUERTO DE SANTA MAR\u00cdA<\/h2>\t\t\t\t<\/div>\n\t\t\t\t\t<\/div>\n\t\t\t\t<\/div>\n\t\t<div class=\"elementor-element elementor-element-515afc3 e-flex e-con-boxed e-con e-parent\" data-id=\"515afc3\" data-element_type=\"container\">\n\t\t\t\t\t<div class=\"e-con-inner\">\n\t\t\t\t<div class=\"elementor-element elementor-element-71b27fd elementor-widget-divider--view-line elementor-widget elementor-widget-divider\" data-id=\"71b27fd\" data-element_type=\"widget\" data-widget_type=\"divider.default\">\n\t\t\t\t\t\t\t<div class=\"elementor-divider\">\n\t\t\t<span class=\"elementor-divider-separator\">\n\t\t\t\t\t\t<\/span>\n\t\t<\/div>\n\t\t\t\t\t\t<\/div>\n\t\t\t\t\t<\/div>\n\t\t\t\t<\/div>\n\t\t<div class=\"elementor-element elementor-element-cfa8e67 e-grid e-con-boxed e-con e-parent\" data-id=\"cfa8e67\" data-element_type=\"container\">\n\t\t\t\t\t<div class=\"e-con-inner\">\n\t\t<div class=\"elementor-element elementor-element-0d6723c e-con-full e-flex e-con e-child\" data-id=\"0d6723c\" data-element_type=\"container\">\n\t\t\t\t<div class=\"elementor-element elementor-element-80381cc elementor-widget elementor-widget-heading\" data-id=\"80381cc\" data-element_type=\"widget\" data-widget_type=\"heading.default\">\n\t\t\t\t\t<h3 class=\"elementor-heading-title elementor-size-default\">LABORABLES<\/h3>\t\t\t\t<\/div>\n\t\t<div class=\"elementor-element elementor-element-387fdc3 e-grid e-con-boxed e-con e-child\" data-id=\"387fdc3\" data-element_type=\"container\">\n\t\t\t\t\t<div class=\"e-con-inner\">\n\t\t<div class=\"elementor-element elementor-element-4f64925 e-con-full e-flex e-con e-child\" data-id=\"4f64925\" data-element_type=\"container\">\n\t\t\t\t<div class=\"elementor-element elementor-element-a65dd5b elementor-widget elementor-widget-heading\" data-id=\"a65dd5b\" data-element_type=\"widget\" data-widget_type=\"heading.default\">\n\t\t\t\t\t<h4 class=\"elementor-heading-title elementor-size-default\">Salidas desde C\u00e1diz a El Puerto de Sta. M\u00aa<\/h4>\t\t\t\t<\/div>\n\t\t\t\t<div class=\"elementor-element elementor-element-71ace76 elementor-widget elementor-widget-text-editor\" data-id=\"71ace76\" data-element_type=\"widget\" data-widget_type=\"text-editor.default\">\n\t\t\t\t\t\t\t\t\t<p>08:00<br \/>09:20<br \/>10:40<br \/>11:20<br \/>12:25<br \/>14:05<br \/>14:35<br \/>15:20<br \/>15:55<br \/>16:55<br \/>18:15<br \/>21:10<br \/>22:30<\/p><p>\u00a0<\/p>\t\t\t\t\t\t\t\t<\/div>\n\t\t\t\t<\/div>\n\t\t<div class=\"elementor-element elementor-element-60d336a e-con-full e-flex e-con e-child\" data-id=\"60d336a\" data-element_type=\"container\">\n\t\t\t\t<div class=\"elementor-element elementor-element-23c43d9 elementor-widget elementor-widget-heading\" data-id=\"23c43d9\" data-element_type=\"widget\" data-widget_type=\"heading.default\">\n\t\t\t\t\t<h4 class=\"elementor-heading-title elementor-size-default\">Salidas de El Puerto de Sta. M\u00aa a C\u00e1diz<\/h4>\t\t\t\t<\/div>\n\t\t\t\t<div class=\"elementor-element elementor-element-f4e1a79 elementor-widget elementor-widget-text-editor\" data-id=\"f4e1a79\" data-element_type=\"widget\" data-widget_type=\"text-editor.default\">\n\t\t\t\t\t\t\t\t\t<p>07:10<br \/>08:40<br \/>10:00<br \/>11:45<br \/>12:25<br \/>13:15<br \/>14:15<br \/>14:45<br \/>15:15<br \/>17:35<br \/>19:00<br \/>21:50<\/p>\t\t\t\t\t\t\t\t<\/div>\n\t\t\t\t<\/div>\n\t\t\t\t\t<\/div>\n\t\t\t\t<\/div>\n\t\t\t\t<\/div>\n\t\t<div class=\"elementor-element elementor-element-0018b6e e-con-full e-flex e-con e-child\" data-id=\"0018b6e\" data-element_type=\"container\">\n\t\t\t\t<div class=\"elementor-element elementor-element-3316763 elementor-widget elementor-widget-heading\" data-id=\"3316763\" data-element_type=\"widget\" data-widget_type=\"heading.default\">\n\t\t\t\t\t<h3 class=\"elementor-heading-title elementor-size-default\">S\u00e1bados, Domingos y\n\nFestivos<\/h3>\t\t\t\t<\/div>\n\t\t<div class=\"elementor-element elementor-element-a2669f7 e-grid e-con-boxed e-con e-child\" data-id=\"a2669f7\" data-element_type=\"container\">\n\t\t\t\t\t<div class=\"e-con-inner\">\n\t\t<div class=\"elementor-element elementor-element-110b25d e-con-full e-flex e-con e-child\" data-id=\"110b25d\" data-element_type=\"container\">\n\t\t\t\t<div class=\"elementor-element elementor-element-d768476 elementor-widget elementor-widget-heading\" data-id=\"d768476\" data-element_type=\"widget\" data-widget_type=\"heading.default\">\n\t\t\t\t\t<h4 class=\"elementor-heading-title elementor-size-default\">Salidas desde C\u00e1diz a El Puerto de Sta. M\u00aa<\/h4>\t\t\t\t<\/div>\n\t\t\t\t<div class=\"elementor-element elementor-element-05a4d30 elementor-widget elementor-widget-text-editor\" data-id=\"05a4d30\" data-element_type=\"widget\" data-widget_type=\"text-editor.default\">\n\t\t\t\t\t\t\t\t\t<p>11:15<br \/>12:45<br \/>14:15<br \/>15:30<br \/>18:50<br \/>21:40<\/p>\t\t\t\t\t\t\t\t<\/div>\n\t\t\t\t<\/div>\n\t\t<div class=\"elementor-element elementor-element-fd93938 e-con-full e-flex e-con e-child\" data-id=\"fd93938\" data-element_type=\"container\">\n\t\t\t\t<div class=\"elementor-element elementor-element-0f0c42e elementor-widget elementor-widget-heading\" data-id=\"0f0c42e\" data-element_type=\"widget\" data-widget_type=\"heading.default\">\n\t\t\t\t\t<h4 class=\"elementor-heading-title elementor-size-default\">Salidas desde El Puerto de Sta. M\u00aa a  C\u00e1diz<\/h4>\t\t\t\t<\/div>\n\t\t\t\t<div class=\"elementor-element elementor-element-016e0dd elementor-widget elementor-widget-text-editor\" data-id=\"016e0dd\" data-element_type=\"widget\" data-widget_type=\"text-editor.default\">\n\t\t\t\t\t\t\t\t\t<p>10:00<br \/>10:30<br \/>12:00<br \/>13:30<br \/>16:30<br \/>19:30<\/p><p>\u00a0<\/p>\t\t\t\t\t\t\t\t<\/div>\n\t\t\t\t<\/div>\n\t\t\t\t\t<\/div>\n\t\t\t\t<\/div>\n\t\t\t\t<\/div>\n\t\t\t\t\t<\/div>\n\t\t\t\t<\/div>\n\t\t<div class=\"elementor-element elementor-element-1c475a5 e-flex e-con-boxed e-con e-parent\" data-id=\"1c475a5\" data-element_type=\"container\">\n\t\t\t\t\t<div class=\"e-con-inner\">\n\t\t\t\t<div class=\"elementor-element elementor-element-1bf2aae elementor-button-default elementor-widget elementor-widget-button\" data-id=\"1bf2aae\" data-element_type=\"widget\" data-widget_type=\"button.default\">\n\t\t\t\t\t\t\t\t\t\t<a class=\"elementor-button elementor-button-link elementor-size-sm\" href=\"https:\/\/cmtbc.es\/datos\/informacion\/69d378d121de2.pdf\" target=\"_blank\">\n\t\t\t\t\t\t<span class=\"elementor-button-content-wrapper\">\n\t\t\t\t\t\t\t\t\t<span class=\"elementor-button-text\">Descargar Horarios<\/span>\n\t\t\t\t\t<\/span>\n\t\t\t\t\t<\/a>\n\t\t\t\t\t\t\t\t<\/div>\n\t\t\t\t\t<\/div>\n\t\t\t\t<\/div>\n\t\t<div class=\"elementor-element elementor-element-76fab85 e-flex e-con-boxed e-con e-parent\" data-id=\"76fab85\" data-element_type=\"container\">\n\t\t\t\t\t<div class=\"e-con-inner\">\n\t\t\t\t<div class=\"elementor-element elementor-element-066ab24 elementor-widget elementor-widget-heading\" data-id=\"066ab24\" data-element_type=\"widget\" data-widget_type=\"heading.default\">\n\t\t\t\t\t<h2 class=\"elementor-heading-title elementor-size-default\">HORARIO SALIDA EMBARCACIONES L\u00cdNEA B-065\nC\u00c1DIZ - ROTA<\/h2>\t\t\t\t<\/div>\n\t\t\t\t\t<\/div>\n\t\t\t\t<\/div>\n\t\t<div class=\"elementor-element elementor-element-5632954 e-flex e-con-boxed e-con e-parent\" data-id=\"5632954\" data-element_type=\"container\">\n\t\t\t\t\t<div class=\"e-con-inner\">\n\t\t\t\t<div class=\"elementor-element elementor-element-f18d707 elementor-widget-divider--view-line elementor-widget elementor-widget-divider\" data-id=\"f18d707\" data-element_type=\"widget\" data-widget_type=\"divider.default\">\n\t\t\t\t\t\t\t<div class=\"elementor-divider\">\n\t\t\t<span class=\"elementor-divider-separator\">\n\t\t\t\t\t\t<\/span>\n\t\t<\/div>\n\t\t\t\t\t\t<\/div>\n\t\t\t\t\t<\/div>\n\t\t\t\t<\/div>\n\t\t<div class=\"elementor-element elementor-element-d85cdc4 e-grid e-con-boxed e-con e-parent\" data-id=\"d85cdc4\" data-element_type=\"container\">\n\t\t\t\t\t<div class=\"e-con-inner\">\n\t\t<div class=\"elementor-element elementor-element-a0f9ae2 e-con-full e-flex e-con e-child\" data-id=\"a0f9ae2\" data-element_type=\"container\">\n\t\t\t\t<div class=\"elementor-element elementor-element-4120c87 elementor-widget elementor-widget-heading\" data-id=\"4120c87\" data-element_type=\"widget\" data-widget_type=\"heading.default\">\n\t\t\t\t\t<h3 class=\"elementor-heading-title elementor-size-default\">LABORABLES<\/h3>\t\t\t\t<\/div>\n\t\t<div class=\"elementor-element elementor-element-8cc78ed e-grid e-con-boxed e-con e-child\" data-id=\"8cc78ed\" data-element_type=\"container\">\n\t\t\t\t\t<div class=\"e-con-inner\">\n\t\t<div class=\"elementor-element elementor-element-21b0d1d e-con-full e-flex e-con e-child\" data-id=\"21b0d1d\" data-element_type=\"container\">\n\t\t\t\t<div class=\"elementor-element elementor-element-aee5560 elementor-widget elementor-widget-heading\" data-id=\"aee5560\" data-element_type=\"widget\" data-widget_type=\"heading.default\">\n\t\t\t\t\t<h4 class=\"elementor-heading-title elementor-size-default\">Salidas de C\u00e1diz a Rota<\/h4>\t\t\t\t<\/div>\n\t\t\t\t<div class=\"elementor-element elementor-element-11b9133 elementor-widget elementor-widget-text-editor\" data-id=\"11b9133\" data-element_type=\"widget\" data-widget_type=\"text-editor.default\">\n\t\t\t\t\t\t\t\t\t<p>07:50<br \/>09:20<br \/>13:05<br \/>15:15<br \/>19:40<\/p>\t\t\t\t\t\t\t\t<\/div>\n\t\t\t\t<\/div>\n\t\t<div class=\"elementor-element elementor-element-bda6900 e-con-full e-flex e-con e-child\" data-id=\"bda6900\" data-element_type=\"container\">\n\t\t\t\t<div class=\"elementor-element elementor-element-ced458c elementor-widget elementor-widget-heading\" data-id=\"ced458c\" data-element_type=\"widget\" data-widget_type=\"heading.default\">\n\t\t\t\t\t<h4 class=\"elementor-heading-title elementor-size-default\">Salidas de Rota a C\u00e1diz<\/h4>\t\t\t\t<\/div>\n\t\t\t\t<div class=\"elementor-element elementor-element-aba22fb elementor-widget elementor-widget-text-editor\" data-id=\"aba22fb\" data-element_type=\"widget\" data-widget_type=\"text-editor.default\">\n\t\t\t\t\t\t\t\t\t<p>07:05<br \/>08:35<br \/>10:15<br \/>13:50<br \/>16:00<br \/>20:25<\/p>\t\t\t\t\t\t\t\t<\/div>\n\t\t\t\t<\/div>\n\t\t\t\t\t<\/div>\n\t\t\t\t<\/div>\n\t\t\t\t<\/div>\n\t\t<div class=\"elementor-element elementor-element-4012aa4 e-con-full e-flex e-con e-child\" data-id=\"4012aa4\" data-element_type=\"container\">\n\t\t\t\t<div class=\"elementor-element elementor-element-9e1198e elementor-widget elementor-widget-heading\" data-id=\"9e1198e\" data-element_type=\"widget\" data-widget_type=\"heading.default\">\n\t\t\t\t\t<h3 class=\"elementor-heading-title elementor-size-default\">S\u00e1bados, Domingos y\n\nFestivos<\/h3>\t\t\t\t<\/div>\n\t\t<div class=\"elementor-element elementor-element-dce3480 e-grid e-con-boxed e-con e-child\" data-id=\"dce3480\" data-element_type=\"container\">\n\t\t\t\t\t<div class=\"e-con-inner\">\n\t\t<div class=\"elementor-element elementor-element-a78b4dc e-con-full e-flex e-con e-child\" data-id=\"a78b4dc\" data-element_type=\"container\">\n\t\t\t\t<div class=\"elementor-element elementor-element-233cecb elementor-widget elementor-widget-heading\" data-id=\"233cecb\" data-element_type=\"widget\" data-widget_type=\"heading.default\">\n\t\t\t\t\t<h4 class=\"elementor-heading-title elementor-size-default\">Salidas de C\u00e1diz a Rota<\/h4>\t\t\t\t<\/div>\n\t\t\t\t<div class=\"elementor-element elementor-element-b3aa5c6 elementor-widget elementor-widget-text-editor\" data-id=\"b3aa5c6\" data-element_type=\"widget\" data-widget_type=\"text-editor.default\">\n\t\t\t\t\t\t\t\t\t<p>10:40<br \/>12:20<br \/>13:50<br \/>17:15<br \/>20:10<\/p>\t\t\t\t\t\t\t\t<\/div>\n\t\t\t\t<\/div>\n\t\t<div class=\"elementor-element elementor-element-f8e976d e-con-full e-flex e-con e-child\" data-id=\"f8e976d\" data-element_type=\"container\">\n\t\t\t\t<div class=\"elementor-element elementor-element-0e97d88 elementor-widget elementor-widget-heading\" data-id=\"0e97d88\" data-element_type=\"widget\" data-widget_type=\"heading.default\">\n\t\t\t\t\t<h4 class=\"elementor-heading-title elementor-size-default\">Salidas de Rota a C\u00e1diz<\/h4>\t\t\t\t<\/div>\n\t\t\t\t<div class=\"elementor-element elementor-element-dfa3ee5 elementor-widget elementor-widget-text-editor\" data-id=\"dfa3ee5\" data-element_type=\"widget\" data-widget_type=\"text-editor.default\">\n\t\t\t\t\t\t\t\t\t<p>11:30<br \/>13:05<br \/>14:35<br \/>18:05<br \/>20:55<\/p>\t\t\t\t\t\t\t\t<\/div>\n\t\t\t\t<\/div>\n\t\t\t\t\t<\/div>\n\t\t\t\t<\/div>\n\t\t\t\t<\/div>\n\t\t\t\t\t<\/div>\n\t\t\t\t<\/div>\n\t\t<div class=\"elementor-element elementor-element-7071527 e-flex e-con-boxed e-con e-parent\" data-id=\"7071527\" data-element_type=\"container\">\n\t\t\t\t\t<div class=\"e-con-inner\">\n\t\t\t\t<div class=\"elementor-element elementor-element-8636f05 elementor-button-default elementor-widget elementor-widget-button\" data-id=\"8636f05\" data-element_type=\"widget\" data-widget_type=\"button.default\">\n\t\t\t\t\t\t\t\t\t\t<a class=\"elementor-button elementor-button-link elementor-size-sm\" href=\"https:\/\/cmtbc.es\/datos\/informacion\/69d378ed5425e.pdf\" target=\"_blank\">\n\t\t\t\t\t\t<span class=\"elementor-button-content-wrapper\">\n\t\t\t\t\t\t\t\t\t<span class=\"elementor-button-text\">Descargar Horarios<\/span>\n\t\t\t\t\t<\/span>\n\t\t\t\t\t<\/a>\n\t\t\t\t\t\t\t\t<\/div>\n\t\t\t\t\t<\/div>\n\t\t\t\t<\/div>\n\t\t\t\t<\/div>\n\t\t","protected":false},"excerpt":{"rendered":"<p>HORARIO SALIDA EMBARCACIONES L\u00cdNEA B-042 C\u00c1DIZ \u2013 EL PUERTO DE SANTA MAR\u00cdA LABORABLES Salidas desde C\u00e1diz a El Puerto de Sta. M\u00aa 08:0009:2010:4011:2012:2514:0514:3515:2015:5516:5518:1521:1022:30 \u00a0 Salidas de El Puerto de Sta. M\u00aa a C\u00e1diz 07:1008:4010:0011:4512:2513:1514:1514:4515:1517:3519:0021:50 S\u00e1bados, Domingos y Festivos Salidas desde C\u00e1diz a El Puerto de Sta. M\u00aa 11:1512:4514:1515:3018:5021:40 Salidas desde El Puerto de Sta. M\u00aa [&hellip;]<\/p>\n","protected":false},"author":1,"featured_media":0,"parent":0,"menu_order":0,"comment_status":"closed","ping_status":"closed","template":"","meta":{"inline_featured_image":false,"footnotes":""},"class_list":["post-12158","page","type-page","status-publish","hentry"],"_links":{"self":[{"href":"https:\/\/catamaranbahiacadiz.com\/index.php\/wp-json\/wp\/v2\/pages\/12158","targetHints":{"allow":["GET"]}}],"collection":[{"href":"https:\/\/catamaranbahiacadiz.com\/index.php\/wp-json\/wp\/v2\/pages"}],"about":[{"href":"https:\/\/catamaranbahiacadiz.com\/index.php\/wp-json\/wp\/v2\/types\/page"}],"author":[{"embeddable":true,"href":"https:\/\/catamaranbahiacadiz.com\/index.php\/wp-json\/wp\/v2\/users\/1"}],"replies":[{"embeddable":true,"href":"https:\/\/catamaranbahiacadiz.com\/index.php\/wp-json\/wp\/v2\/comments?post=12158"}],"version-history":[{"count":112,"href":"https:\/\/catamaranbahiacadiz.com\/index.php\/wp-json\/wp\/v2\/pages\/12158\/revisions"}],"predecessor-version":[{"id":12402,"href":"https:\/\/catamaranbahiacadiz.com\/index.php\/wp-json\/wp\/v2\/pages\/12158\/revisions\/12402"}],"wp:attachment":[{"href":"https:\/\/catamaranbahiacadiz.com\/index.php\/wp-json\/wp\/v2\/media?parent=12158"}],"curies":[{"name":"wp","href":"https:\/\/api.w.org\/{rel}","templated":true}]}}